e t(-4). Calculate the highest common factor of r and 145.
29
Let j = 64 + 14. What is the highest common divisor of 6 and j?
6
Let m(d) = 14*d - 226. Let s be m(20). What is the highest common divisor of s and 594?
54
Let a be (117/(-18) + (-3)/(-2))*-26. What is the greatest common divisor of 39 and a?
13
Suppose 3*d - 4*y = -17, 2 = -2*d + 2*y - 6. Let u(r) = 6 + 5 + d + 2 - r. Let c be u(6). What is the greatest common factor of 2 and c?
2
Suppose 0*c = -3*c + 2*c. Suppose -16*w + 11*w + 10 = c. Calculate the highest common factor of w and 22.
2
Suppose 1404 + 1284 = 56*x. What is the greatest common factor of x and 114?
6
Suppose -1 - 49 = -10*n. Suppose 4*v = 4*u + v - 43, -u = n*v - 28. What is the highest common divisor of 91 and u?
13
Let p = -973 + 1504. Calculate the highest common factor of p and 118.
59
Let j = 346 + -193. Let l = j + 15. Calculate the greatest common divisor of l and 24.
24
Suppose -422*d = -424*d + 290. Calculate the highest common factor of 10 and d.
5
Let o(j) = j**2 + 13*j + 2. Let i be o(-11). Let f = i - -18. Let k be 484/55 + f/(-10). Calculate the highest common factor of k and 6.
3
Let x(a) = 5*a - 17. Let o be x(4). Suppose -o*n - 49 = -5*t + t, 35 = 3*t - 4*n. What is the greatest common divisor of t and 52?
13
Suppose 4*b - 215 = 5*w, 4*b - 4*w = 311 - 99. Suppose -b = 6*i - 8*i. Suppose 3*k + 3*s + 45 = 8*k, 5*s = i. Calculate the highest common factor of k and 84.
12
Suppose -6*o = -114 + 30. Calculate the highest common factor of 329 and o.
7
Let a be (-2)/2 + (7 - 8) - -42. Let d be (-4 + 1)/(6/(-16)). What is the highest common factor of d and a?
8
Let g be 144/(-27)*(1 + -19). What is the highest common divisor of g and 6?
6
Let p(k) = 7*k**3 + 5*k**2 - 14*k + 12. Let y be p(2). What is the greatest common divisor of y and 435?
15
Suppose 12*j - 143 = -4*w + 7*j, -116 = -3*w + 5*j. Calculate the highest common factor of 111 and w.
37
Suppose -r = 5*d + 590, d - 5*r = 4*d + 332. Let j = d - -231. What is the greatest common factor of 16 and j?
16
Let w(d) = 2*d + 24. Let c be w(-7). Let k be 7 + -5 - -2*1. Suppose -2*x = -k*x + 80. Calculate the highest common divisor of c and x.
10
Let l(v) = v + 11. Let h be l(-9). Suppose -h*y + 6 = y. Suppose 44 = y*s - s. What is the greatest common factor of s and 4?
4
Let m be 14/(-21) - (-10)/6. Let i = m + 74. Suppose -4*h = -n + 38, -4*h - 3 = n - 25. What is the highest common divisor of n and i?
15
Let n = 35 + -28. What is the greatest common factor of n and 1?
1
Suppose 12*v = 985 + 431. Calculate the highest common factor of v and 59.
59
Suppose -l + 12*l - 187 = 0. Suppose -4*k - h = -139, -6*h + 179 = 5*k - 3*h. Calculate the highest common divisor of l and k.
17
Suppose 2*o - 3 = o. Let g be o/(-6) + 36/8. Suppose -3*d - 2*u = -0*d - 75, 3*u + 100 = g*d. Calculate the highest common factor of 250 and d.
25
Suppose 0 = j + 239 - 251. Suppose 0 = -u + 30. Let s be (-4)/(28/u - 1). Calculate the highest common factor of s and j.
12
Let i = 372 - 196. Let t = -21 + 68. Let o = t + -25. What is the highest common divisor of i and o?
22
Let r be 1*77 + -8 + (-72)/(-9). Calculate the greatest common factor of r and 21.
7
Let o be 241/9 - (-2)/9. Suppose 110 = b + 4*d - 71, -d = -b + 191. What is the highest common factor of o and b?
27
Suppose 4*c + c = 6*c. Suppose c = f, 3*p = 4*p + f - 28. What is the greatest common factor of p and 21?
7
Let a = 15 + 75. Calculate the highest common factor of 5 and a.
5
Let l = 203 + -197. Let g(h) = 4*h. Let y be g(1). Suppose -2*i - 74 = -l*i - 3*o, y*i + o = 78. Calculate the greatest common factor of 40 and i.
20
Let x = 729 - 294. What is the highest common divisor of 15 and x?
15
Suppose 0 = -a - 0*a + 60. Let m(b) = 9*b + 2. Let y be m(-2). Let c = y - -31. Calculate the highest common divisor of a and c.
15
Let l = -174 - -303. Calculate the greatest common divisor of 172 and l.
43
Let h(z) = 2*z - 17. Let w be h(5). Let c be 2/((-2)/w)*15. What is the highest common divisor of c and 70?
35
Suppose -2*z - 3*o + 18 = -5, z = -3*o + 13. Suppose -8*x = -76 + 44. What is the highest common factor of x and z?
2
Let k be (-8)/6*(-600)/80. What is the highest common divisor of 145 and k?
5
Let i(t) = 4*t**2 + 6*t + 8. Let x be i(-5). Suppose -k - 18 = -4*u - 60, x = 3*k + 4*u. Calculate the highest common factor of 45 and k.
15
Suppose 0 = -5*w + 1 - 6. Let d be 7 + -1 - (w + 3). Calculate the greatest common divisor of d and 32.
4
Let r(z) = z + 13. Let a be r(10). Suppose -4*f + 9*f - 1035 = 0. Calculate the highest common factor of a and f.
23
Suppose -29*k + 21*k = -1248. What is the highest common factor of 351 and k?
39
Let w be 94/6 + -13 + (-296)/(-24). Calculate the highest common divisor of w and 165.
15
Suppose -28*n + 92 + 20 = 0. What is the highest common divisor of n and 32?
4
Let m be (8 + 1)*(-5 - -4). Let y be m/27 + 34/3. Calculate the highest common factor of 99 and y.
11
Suppose 0 = -5*r - 5*a + 8 + 12, 5*r = -3*a + 14. Let d be (-3 + 2 + -3)*(r + -5). What is the greatest common factor of d and 8?
8
Let k be ((-165)/21)/((-16)/28)*16. Calculate the highest common factor of 30 and k.
10
Let s(t) = 3037*t**2 - 2*t - 1. Let p be s(-1). Calculate the greatest common factor of 98 and p.
98
Let u be 648/17 - 34/289. Let l be (-4)/(-10) - (-16)/10. Let n be 4/l + (-55)/(-1). Calculate the greatest common divisor of n and u.
19
Let w be 2/4 + (-57)/(-6). Suppose -w - 23 = -3*n. What is the greatest common divisor of 77 and n?
11
Suppose -5*h + 20 = 2*r, 2*h + h - 23 = r. Suppose 5*u - h = 4, -3*s + u + 142 = 0. Calculate the greatest common factor of s and 12.
12
Suppose 5*t - 69 = 86. Suppose 3*h - t = u, -5*h + 22 = -3*h - u. Let j = 11 - 10. Calculate the greatest common factor of j and h.
1
Suppose -272 = -1784*u + 1780*u. Calculate the greatest common divisor of u and 2924.
68
Let x = -8 + 14. Let k(w) = 3*w**3 + x - 4*w**3 + 2*w + 6*w**2 + w. Let c be k(6). What is the highest common factor of c and 144?
24
Suppose -8*g = -6*g - 12. Suppose -g*z + 22 = -26. What is the greatest common divisor of z and 80?
8
Suppose 0 = -6*u + u + 855. Let z = -780 - -799. Calculate the highest common divisor of z and u.
19
Suppose -i + 25 = 4*i. Suppose p - 37 = -2*o, -3*o + 28 = -i*p - 21. Calculate the highest common factor of o and 6.
6
Let b = -97 + 127. What is the highest common divisor of b and 24?
6
Let p be 5 + -4 + (-9)/(-3). Let v be (p/3)/((-4)/(-18)). Suppose l - 24 - 6 = 0. Calculate the highest common divisor of v and l.
6
Let o = 1757 + -707. Let v = 20 + -16. Suppose 4*k = 2*m + o, 0 = 2*k - 3*m + v*m - 519. Calculate the highest common factor of k and 29.
29
Suppose -j - 2*j = -48. Let g = 22 - j. Let o be 6/(-9) - (-58)/g. What is the highest common factor of 99 and o?
9
Suppose 6 = -l + 2*t, -7*t = -3*t - 20. Let b(v) = -2 + v + l*v - v**2 + 6. Let i be b(5). Calculate the greatest common divisor of i and 4.
4
Let r = 3 + -7. Let o = 10 + r. Let v = o + -2. What is the greatest common factor of 8 and v?
4
Suppose 0 = -v + 56 - 54. Calculate the greatest common divisor of v and 41.
1
Let i = 159 + -98. Suppose -a - 9 = -i. Calculate the greatest common factor of 13 and a.
13
Let p(s) = 4*s**2 + 3 - 2 - s + 0 + 4. Let d be p(5). Suppose -d = -4*i + 188. Calculate the greatest common divisor of 24 and i.
24
Suppose 0 = 29*f - 6317 - 846. Calculate the highest common divisor of 13 and f.
13
Let u(i) = i**3 + 15*i**2 - 43*i - 32. Let r be u(-17). Calculate the highest common divisor of r and 11.
11
Let b(o) = o + 44. Let k be b(0). Let n = -64 + 86. What is the highest common factor of k and n?
22
Let t(f) = -f**3 - 4*f**2 + 2*f + 3. Let r be t(-5). Let u(m) = m**2 + 55*m + 583. Let q be u(-14). What is the highest common divisor of q and r?
9
Let k be 2/3 - (1032/18)/(-4). Suppose 3*t + k = s, 3*s - 2*t = t + 27. Calculate the highest common factor of 54 and s.
6
Suppose -3*f - 78 = -3*u, -u + 0*u = 4*f - 26. Let l = 46 - u. Calculate the highest common divisor of l and 8.
4
Let j = -6 + 18. Let w be -2*74/(-12) - 27/81. Calculate the highest common divisor of w and j.
12
Let i = 302 - 253. What is the highest common divisor of 7 and i?
7
Let b be (-9 + 13)/2*2. Calculate the highest common